 Let n be t(7). What is the remainder when 70 is divided by g(n)?
22
What is the remainder when 57 is divided by ((-36)/60)/((-1)/35)?
15
Let i(g) = -g**3 - 6*g**2 - 4*g + 9. Let h be ((-1)/(-2))/(3/300). What is the remainder when 1/(-4) - h/(-8) is divided by i(-5)?
2
Let t(o) = 2*o**2 - 3*o - 15. Calculate the remainder when (-4)/(-6) + (-61)/(-3) is divided by t(-3).
9
Calculate the remainder when (440/14)/((-26)/(-91)) is divided by 28.
26
Let d(t) = t**2 + 4*t - 5. Let u be d(-6). Suppose -2*i + 12 = -5*n, 2*n - 19 - u = -2*i. What is the remainder when 42 is divided by i?
9
Let k(m) = -m**3 - 3*m**2 + 6*m - 1. Let o be k(-6). Suppose 4*y - 7*y + 309 = 0. Let j = y - o. What is the remainder when j is divided by 11?
10
Let n = 191 - 186. What is the remainder when 18 is divided by n?
3
Let u = 8 - 2. Let q = -13 - -40. What is the remainder when q is divided by ((-28)/u)/((-6)/18)?
13
Suppose -4*t = t - 5*r, 2*t = -5*r. Suppose -28 = -i - t*i. What is the remainder when 53 is divided by i?
25
Let a(s) be the third derivative of -7*s**6/120 + s**5/60 + s**4/24 - 2*s**2. What is the remainder when 27 is divided by a(-1)?
6
Let i = 42 + -31. What is the remainder when i is divided by (8/(-6))/((-1)/3)?
3
Suppose 4*y + z = -8, -4*y - 2*z = 2*z + 8. Let a = 18 + -5. What is the remainder when 31 is divided by -2 + a + 0/y?
9
Let y(z) = 7*z**2. Let m(c) = -c + 10. Calculate the remainder when y(1) is divided by m(7).
1
Let r(a) = 6*a + 2. Calculate the remainder when r(4) is divided by 10.
6
Let m(w) = -4*w - w - w**3 - 9*w**2 + 4 + 3*w**2. Calculate the remainder when 7 is divided by m(-5).
3
Let r(h) = 3*h**2 - 2*h + 1. Suppose -4*p - k + 92 = 0, 2*k + 12 = -k. What is the remainder when p is divided by r(2)?
6
Let t(n) = -n**3 - 7*n**2 + 8*n - 2. Let v be t(-8). Suppose 100 = 4*s + 32. What is the remainder when s is divided by (-12)/v - (-3 + 0)?
8
Let o(n) = -2*n + 70. Calculate the remainder when o(5) is divided by 21.
18
Suppose 3*u - 34 = -19. Let a(t) = -t**2 - 3*t + 3. Calculate the remainder when u is divided by a(-3).
2
Let y(r) = -4 - r + 4 + 7*r - 3. What is the remainder when y(2) is divided by 5?
4
Let n(q) be the first derivative of 5*q**2 - 2*q - 2. Let f = -14 - -24. Calculate the remainder when n(3) is divided by f.
8
What is the remainder when 2 is divided by (-4)/22 + 13/11?
0
Suppose -1 = 3*b + 8, 2*r = -5*b + 35. Calculate the remainder when r is divided by 7.
4
Suppose 18 - 70 = -4*u. Let a = 5 - 1. Suppose a*z - 12 = 0, -4*x + 0*x + z + 25 = 0. What is the remainder when u is divided by x?
6
Let w be (6/(-4) + -1)*-2. Suppose 0*r + r = 0. Suppose -5*c - 5*o + 95 = 0, r*o = w*c - 3*o - 63. Calculate the remainder when 58 is divided by c.
13
Let t(y) = -y**2 + 13*y - 16. Let u(s) = 8*s**2 + 1. Calculate the remainder when t(7) is divided by u(-1).
8
Let g(p) = 4*p + 7. Let s be g(14). Let z = -26 + s. Calculate the remainder when z is divided by 19.
18
Let s = -30 - -19. Let o = 9 - s. Calculate the remainder when o is divided by 11.
9
Let k(f) = -f**3 + 15*f**2 + 4*f - 20. What is the remainder when 159 is divided by k(15)?
39
Let i(u) = 265*u**2 - 1. Let z be i(1). Let j = z - 166. Calculate the remainder when j is divided by 25.
23
Suppose -5*x + x + 3*v = -273, 0 = 4*x + 2*v - 278. Calculate the remainder when x is divided by 18.
15
Suppose 0 = k - 2*k + 12. What is the remainder when k/(-42) - 254/(-7) is divided by 19?
17
Let q = 17 + 5. Let l = 31 - q. Calculate the remainder when 25 is divided by l.
7
Suppose 4*n - 156 = -r - r, 3*n + 5*r = 124. Calculate the remainder when n is divided by 10.
8
Suppose -15 = 3*l - 8*l. Suppose -l*t + 43 = 13. What is the remainder when 27 is divided by t?
7
Let w(o) = 6*o**2 - o. Let u = -95 + 57. Let a = -25 - u. Calculate the remainder when a is divided by w(1).
3
Suppose -2*y + 3*z + 67 = 0, -21 = -y - 3*z + 2*z. What is the remainder when 49 is divided by y?
23
Let m(o) = o + 2. Let s(v) = 34*v**3 + v**2 - 2*v + 1. What is the remainder when s(1) is divided by m(7)?
7
What is the remainder when 15 is divided by 4 + 0 + (-12)/(-3)?
7
Calculate the remainder when 214 is divided by (19/(-76))/((-1)/124).
28
Suppose 3*c - 5 - 19 = 0. Let u = -77 - -55. Let h = -8 - u. What is the remainder when h is divided by c?
6
Let m(j) = 13*j + 4. Let y be m(-8). Let b = y + 159. What is the remainder when b is divided by 15?
14
Let w = -56 - -90. Calculate the remainder when w is divided by 5.
4
Suppose -5*h + 27 = 4*l, -7*h + 4*l = -3*h. Suppose 0 = 3*t - t + h*u - 77, -41 = -t - 4*u. Calculate the remainder when t is divided by 13.
11
Let t = 3 - -26. What is the remainder when 112 is divided by t?
25
Suppose -6 - 70 = -4*z. What is the remainder when 74 is divided by z?
17
What is the remainder when (3 - (-203 - -1)/2) + 1 is divided by 28?
21
Let u(z) = -z + 38. Suppose 4*p - p = 3*b + 36, 5*p = -b + 48. What is the remainder when u(10) is divided by p?
8
Let m be -3*(-2 - 8/(-6)). Suppose 2*t + m = 22. What is the remainder when t is divided by 4?
2
Let m = -4 + 11. Calculate the remainder when 25 is divided by m.
4
Let c(z) = -z**3 + 12*z**2 - 8*z + 6. Calculate the remainder when c(10) is divided by 32.
30
Let g = -17 + 36. Calculate the remainder when 73 is divided by g.
16
Suppose -v + 6 = -3*v. What is the remainder when -4*3/12*v is divided by (-10)/(-4) + (-6)/(-12)?
0
Let z = 43 - 13. Suppose 39 = u - z. Calculate the remainder when u is divided by 18.
15
Let r(n) = -2*n + 16. What is the remainder when 176 is divided by r(-7)?
26
Let v = -24 + 49. Let y(q) = q**2 + 11*q + 15. Let c be y(-10). Suppose -5*h - a - 17 = -65, -6 = h - c*a. What is the remainder when v is divided by h?
7
Let m(t) = -13*t - 8. What is the remainder when m(-5) is divided by 15?
12
Suppose -5*k - 4*j = -76 - 17, -4*k = -3*j - 62. What is the remainder when 116 is divided by k?
14
Let f be 54/10 - 12/30. Let w be (15 - f)/(-1 - 1). Calculate the remainder when 13 is divided by (10/8)/(w/(-20)).
3
Suppose -2*x = -3*d + 2 + 6, -3*x + 3*d - 6 = 0. Suppose -4*y = r - 196, -r - 147 = -3*y + r. What is the remainder when y is divided by 2 - -2*15/x?
15
Suppose -4*a + 24 = -2*a. Let t(f) be the second derivative of f**5/20 - f**4/4 - f**3 + 3*f**2/2 + 2*f. Calculate the remainder when t(5) is divided by a.
11
Suppose q = -i + 14, q = -3*i - 0 + 4. Suppose 4*d = -p + 3*p + 34, -3*d + p + 28 = 0. Calculate the remainder when q is divided by d.
8
Let o = -4 + 4. Suppose j + o = -5*h + 3, -2*h = j. Suppose -4*u + 17 = h. Calculate the remainder when 14 is divided by u.
2
Suppose 0 = -s - 3*y + 18, 3*s + 3*y + 10 = 82. Calculate the remainder when 51 is divided by s.
24
Suppose -3*z = 2*v - 25, 3*v + v = -2*z + 22. Calculate the remainder when 17 is divided by z.
3
Suppose -7*u + 2*u = -320. Suppose 2*d - i = 29, -4*d = -i + 5*i - 40. Calculate the remainder when u is divided by d.
12
Suppose 3*f - 42 = -5*g, 6*f - 3*f + 4*g - 42 = 0. Let c be 1*2*(-19)/(-2). Let w = 22 + c. What is the remainder when w is divided by f?
13
Let c(x) = -5*x. Let l(p) = -1. Let z(m) = -c(m) + 2*l(m). Let s be z(4). Let v = s + 14. Calculate the remainder when v is divided by 11.
10
Let o(k) = -k**2 - 9*k - 6. Let u be o(-10). Let c = 35 + u. Calculate the remainder when 8*(2 + 10/4) is divided by c.
17
Let j(w) = 4*w + 3. Let i be (-1124)/11 + 10/55. Let p = i - -169. What is the remainder when p is divided by j(5)?
21
Let t(l) = l + 67. Let y(r) = -r - 10. Let x be y(-10). What is the remainder when t(x) is divided by 14?
11
Let h = 2 - -38. Let n = -6 + 10. Calculate the remainder when h is divided by (7/n)/((-2)/(-16)).
12
Let u = -15 - -11. Let w = u - -7. Calculate the remainder when 3 is divided by w.
0
Let l(w) = w**3 - 3*w**2 + 5*w - 2. Let b be 0 + 2 + 1/1. Suppose -4*k - 3*s + 3 = -0*s, 5*s = -4*k - b. What is the remainder when l(k) is divided by 7?
6
Let r = -10 - -15. Calculate the remainder when 17 is divided by r.
2
Let k(j) = -5*j**3 - 3*j**2 + 3. Let i be k(-3). Let d = i - 57. What is the remainder when d is divided by 19?
16
Let s(k) = 3*k**2 - 12*k + 16. Suppose 84 = 4*b - n, 0 = 3*b + 3*n + n - 44. What is the remainder when s(7) is divided by b?
19
Let b(i) = -i + 7. Calculate the remainder when 33 is divi